{"id":1470,"date":"2023-08-14T16:16:03","date_gmt":"2023-08-14T14:16:03","guid":{"rendered":"https:\/\/latelierdusequoia.fr\/?post_type=product&#038;p=1470"},"modified":"2023-11-11T16:13:40","modified_gmt":"2023-11-11T15:13:40","slug":"boucles-doreilles-rouges-et-blanches-plumes-rouges","status":"publish","type":"product","link":"https:\/\/latelierdusequoia.fr\/index.php\/product\/boucles-doreilles-rouges-et-blanches-plumes-rouges\/","title":{"rendered":"Boucles d&rsquo;oreilles rouges et blanches plumes rouges"},"content":{"rendered":"<p>Boucles d&rsquo;oreilles avec perles en c\u00e9ramique fleurs rouges sur fonds blanc de 1,2 cm et plumes rouges. Les crochets d&rsquo;oreilles sont en m\u00e9tal argent\u00e9.<\/p>\n<p>La hauteur (hors crochets) est de 9 cm et la largeur au point le plus large est de 3,3 cm.<\/p>\n<p>Chaque boucle d&rsquo;oreilles p\u00e8se 3 gr.<\/p>\n<p>Ne vous fiez pas au mannequin pour la hauteur des boucles d&rsquo;oreilles, il n&rsquo;est l\u00e0 que pour montrer la fa\u00e7on dont celles-ci tombent.<\/p>\n","protected":false},"excerpt":{"rendered":"<p>Boucles d&rsquo;oreilles avec perles en c\u00e9ramique fleurs rouges sur fonds blanc de 1,2 cm et plumes rouges. Les crochets d&rsquo;oreilles sont en m\u00e9tal argent\u00e9. La hauteur (hors crochets) est de 9 cm et la largeur au point le plus large est de 3,3 cm. Chaque boucle d&rsquo;oreilles p\u00e8se 3 gr. Ne vous fiez pas au [&hellip;]<\/p>\n","protected":false},"featured_media":1363,"comment_status":"open","ping_status":"closed","template":"","meta":[],"product_brand":[],"product_cat":[36],"product_tag":[],"class_list":{"0":"post-1470","1":"product","2":"type-product","3":"status-publish","4":"has-post-thumbnail","6":"product_cat-boucles-doreilles","8":"entry","9":"has-media","11":"first","12":"instock","13":"taxable","14":"shipping-taxable","15":"purchasable","16":"product-type-simple","17":"has-product-nav","18":"col","19":"span_1_of_4","20":"owp-content-center","21":"owp-thumbs-layout-horizontal","22":"owp-btn-normal","23":"owp-tabs-layout-horizontal"},"jetpack_sharing_enabled":true,"_links":{"self":[{"href":"https:\/\/latelierdusequoia.fr\/index.php\/wp-json\/wp\/v2\/product\/1470","targetHints":{"allow":["GET"]}}],"collection":[{"href":"https:\/\/latelierdusequoia.fr\/index.php\/wp-json\/wp\/v2\/product"}],"about":[{"href":"https:\/\/latelierdusequoia.fr\/index.php\/wp-json\/wp\/v2\/types\/product"}],"replies":[{"embeddable":true,"href":"https:\/\/latelierdusequoia.fr\/index.php\/wp-json\/wp\/v2\/comments?post=1470"}],"wp:featuredmedia":[{"embeddable":true,"href":"https:\/\/latelierdusequoia.fr\/index.php\/wp-json\/wp\/v2\/media\/1363"}],"wp:attachment":[{"href":"https:\/\/latelierdusequoia.fr\/index.php\/wp-json\/wp\/v2\/media?parent=1470"}],"wp:term":[{"taxonomy":"product_brand","embeddable":true,"href":"https:\/\/latelierdusequoia.fr\/index.php\/wp-json\/wp\/v2\/product_brand?post=1470"},{"taxonomy":"product_cat","embeddable":true,"href":"https:\/\/latelierdusequoia.fr\/index.php\/wp-json\/wp\/v2\/product_cat?post=1470"},{"taxonomy":"product_tag","embeddable":true,"href":"https:\/\/latelierdusequoia.fr\/index.php\/wp-json\/wp\/v2\/product_tag?post=1470"}],"curies":[{"name":"wp","href":"https:\/\/api.w.org\/{rel}","templated":true}]}}