{"id":2635,"date":"2023-11-01T12:44:20","date_gmt":"2023-11-01T11:44:20","guid":{"rendered":"https:\/\/latelierdusequoia.fr\/?page_id=2635"},"modified":"2023-11-01T12:44:20","modified_gmt":"2023-11-01T11:44:20","slug":"frais-de-port","status":"publish","type":"page","link":"https:\/\/latelierdusequoia.fr\/index.php\/frais-de-port\/","title":{"rendered":"Frais de port"},"content":{"rendered":"\n<p>Dans les zones g\u00e9ographiques suivantes&nbsp;: <strong>France m\u00e9tropolitaine, Monaco, Andorre, et les DOM-TOM, <\/strong>les frais de port sont offerts pour toute commande sup\u00e9rieure ou \u00e9gale \u00e0 30 \u20ac TTC.<\/p>\n\n\n\n<p>En-dessous de ce montant les frais de port sont factur\u00e9s 5 \u20ac TTC<\/p>\n\n\n\n<p>Pour les <strong>autres destinations<\/strong>, les frais de ports sont de 10 \u20ac pour les commandes inf\u00e9rieures \u00e0 50 \u20ac TTC, offerts au-dessus de ce montant.<\/p>\n\n\n\n<p>Les envois se font en courrier suivi ou en Colissimo par La Poste.<\/p>\n","protected":false},"excerpt":{"rendered":"<p>Dans les zones g\u00e9ographiques suivantes&nbsp;: France m\u00e9tropolitaine, Monaco, Andorre, et les DOM-TOM, les frais de port sont offerts pour toute commande sup\u00e9rieure ou \u00e9gale \u00e0 30 \u20ac TTC. En-dessous de ce montant les frais de port sont factur\u00e9s 5 \u20ac TTC Pour les autres destinations, les frais de ports sont de 10 \u20ac pour les [&hellip;]<\/p>\n","protected":false},"author":1,"featured_media":0,"parent":0,"menu_order":0,"comment_status":"closed","ping_status":"closed","template":"","meta":{"footnotes":""},"class_list":["post-2635","page","type-page","status-publish","hentry","entry","owp-thumbs-layout-horizontal","owp-btn-normal","owp-tabs-layout-horizontal","has-no-thumbnails","has-product-nav"],"jetpack_sharing_enabled":true,"_links":{"self":[{"href":"https:\/\/latelierdusequoia.fr\/index.php\/wp-json\/wp\/v2\/pages\/2635","targetHints":{"allow":["GET"]}}],"collection":[{"href":"https:\/\/latelierdusequoia.fr\/index.php\/wp-json\/wp\/v2\/pages"}],"about":[{"href":"https:\/\/latelierdusequoia.fr\/index.php\/wp-json\/wp\/v2\/types\/page"}],"author":[{"embeddable":true,"href":"https:\/\/latelierdusequoia.fr\/index.php\/wp-json\/wp\/v2\/users\/1"}],"replies":[{"embeddable":true,"href":"https:\/\/latelierdusequoia.fr\/index.php\/wp-json\/wp\/v2\/comments?post=2635"}],"version-history":[{"count":1,"href":"https:\/\/latelierdusequoia.fr\/index.php\/wp-json\/wp\/v2\/pages\/2635\/revisions"}],"predecessor-version":[{"id":2636,"href":"https:\/\/latelierdusequoia.fr\/index.php\/wp-json\/wp\/v2\/pages\/2635\/revisions\/2636"}],"wp:attachment":[{"href":"https:\/\/latelierdusequoia.fr\/index.php\/wp-json\/wp\/v2\/media?parent=2635"}],"curies":[{"name":"wp","href":"https:\/\/api.w.org\/{rel}","templated":true}]}}